se 2*c = -4*j + 1100, 4*j = 3*c + j - 1686. Calculate the remainder when c is divided by 56.
54
Suppose 1 = y - 3. Let i(a) = a**3 + 6*a**2 - 7*a + 13. Let x be i(-7). Let f = x - y. Calculate the remainder when 24 is divided by f.
6
Suppose -a = -0*a - 49. Suppose 0*p - 51 = -3*p. Calculate the remainder when a is divided by p.
15
Suppose 15 = -3*b, -4*b + 123 + 217 = 3*r. Calculate the remainder when r is divided by 5.
0
Suppose 2*r - 3*r + 15 = 0. Calculate the remainder when ((-28)/(-12))/(11/132) is divided by r.
13
Let n(d) = 12*d**3 + 2*d**2 - d - 2. Let x be n(-1). Let z = 32 + x. Calculate the remainder when 82 is divided by z.
19
Suppose 3*i - 2*i - 2*l + 2 = 0, -4*i - 14 = -2*l. What is the remainder when (-1 - 13/i)/((-2)/(-72)) is divided by 17?
13
Suppose -304 = -4*q - 2*a, 2 = -16*a + 17*a. Calculate the remainder when q is divided by (40/(-160))/(((-2)/88)/1).
9
Suppose -2*a + 2 + 14 = 2*q, -3*q + 2*a - 1 = 0. What is the remainder when (0 - -12)/((-12)/(-8)) is divided by q?
2
Let h(t) be the third derivative of -t**4/24 + 5*t**3 + 4*t**2. Let k = 2 - -7. What is the remainder when h(16) is divided by k?
5
Let i(k) = 8*k**3 + k - 43. Calculate the remainder when i(4) is divided by 68.
65
Let y(m) = 9*m**2 - 26*m + 2. Calculate the remainder when y(6) is divided by 57.
56
Let d = -202 - -294. Suppose -4*h + 0*h = 124. Let s = h + 50. What is the remainder when d is divided by s?
16
Suppose 3*q + q = -3*n + 121, -q + 2*n + 33 = 0. Let k(i) = i**3 - 29*i**2 - 59*i + 1. Calculate the remainder when k(q) is divided by 25.
19
Suppose 4*g - 130 + 7 = -3*z, 2*g = -z + 59. Calculate the remainder when 37 is divided by g.
10
Let r = -94 + 55. Let c = -16 - r. Suppose 0*m + 14 = b - 3*m, -3*m - 6 = 0. What is the remainder when c is divided by b?
7
Suppose 4*x - 96 = 7*x. Let q = x + 37. What is the remainder when 13 is divided by q?
3
Calculate the remainder when 24 is divided by 2*-3*(11 + -13).
0
Let q(u) = -1. Let y(k) = 6*k**2 + 3*k - 8. Let a(n) = -4*q(n) + y(n). Calculate the remainder when a(-3) is divided by 14.
13
What is the remainder when 924 is divided by (-9861)/(-266) + 1/(-14)?
36
Suppose 109 - 397 = -16*p. Calculate the remainder when 544/8 - 2*-1 is divided by p.
16
Suppose 2*t = 2*c - 4, -c = -t - 2*t + 2. Suppose -2*i = -c*i. Suppose 2*z + 0*z - 22 = i. Calculate the remainder when 32 is divided by z.
10
Suppose 3*y - 6*y - 11 = 4*p, -2*y = -p - 11. Suppose -y*g = 7*m - 2*m - 401, -g + 318 = 4*m. What is the remainder when m is divided by (-166)/(-6) - 4/6?
25
Let h(m) = -24*m + 51. Calculate the remainder when h(-4) is divided by 51.
45
Let q(m) = 4*m - 29. Let s be q(11). Let n(b) = 6*b**2 + 3*b. Calculate the remainder when n(-2) is divided by 2 + s/(-5) - (2 - 13).
8
Let c = 81 + -70. What is the remainder when 164 is divided by c?
10
Suppose 816 = 5*o - 2*h, 3*h + 195 = -5*o + 996. Let y = 178 - o. Calculate the remainder when 33 is divided by y.
1
Let z = 14 - 5. Let l = -555 + 587. What is the remainder when l is divided by z?
5
Let b = 1072 - 674. What is the remainder when b is divided by 8?
6
Let n = 41 + -25. Suppose 30 = 5*k + 5*q, -n = -4*k - 0*q - 2*q. Suppose 0 = -3*c + 12, k*c = -2*x - 0*c + 18. Calculate the remainder when 17 is divided by x.
2
Let i = 39 + -39. Suppose i = 5*v + 3*o - 151, 4*o + 74 = 4*v - 34. Let h = v - 23. What is the remainder when 15 is divided by h?
3
Suppose 5*w - 2*w + 6 = 0. What is the remainder when 48 is divided by (1*(-5)/15)/(w/60)?
8
Let l = -5 - -18. What is the remainder when (14/18 - 1) + 2276/36 is divided by l?
11
Suppose -351 = -5*s + p, 16*p = 5*s + 12*p - 339. What is the remainder when s is divided by 37?
34
Let u(z) = 5 + 3*z**2 - 4 - z - 5*z. Suppose -6*y + 2*y + 192 = 0. What is the remainder when y is divided by u(4)?
23
Suppose 542 = 14*v - 564. What is the remainder when 315 is divided by v?
78
Let u be 2*(-162)/(-12)*(-10)/(-6). Let i = u + 29. Calculate the remainder when i is divided by 15.
14
What is the remainder when 0 + -6 + (38/(-3))/((-2)/9) is divided by ((-8)/10)/((-4)/70)?
9
Suppose 0 = -16*w - 217 + 2537. What is the remainder when w is divided by 67?
11
Suppose -w = -4*k - 10, 2*w - 3*w - 2 = 2*k. Suppose 4*d + 3*l = 3*d + 61, -4*l - 102 = -w*d. What is the remainder when d is divided by 15?
10
Let b = -767 + 774. Calculate the remainder when 97 is divided by b.
6
Suppose -5*v + 80 = 2*k, v - 13 = -k - 0*k. Suppose 19*g - 9 = v*g. What is the remainder when 43 is divided by g?
7
Let d(m) = -16*m - 660. Calculate the remainder when d(-49) is divided by 37.
13
Suppose -5*c + 695 = 4*d - 9*d, -2*d + 574 = 4*c. What is the remainder when c is divided by 30?
22
Let p(s) = -81*s + 11. Let v be p(5). Let c = 567 + v. What is the remainder when c is divided by 35?
33
What is the remainder when 3 is divided by 55/20 + (-18)/24?
1
Let i = 46 + -19. Let f = 46 + i. Calculate the remainder when f is divided by 15.
13
Suppose -v = -6*v + 20. Suppose -l + 3*l - 4*r - 72 = 0, -159 = -v*l + 5*r. What is the remainder when l is divided by 1/(2/(-4))*-8?
14
Let m(z) = 56*z + 1495. Calculate the remainder when m(-21) is divided by 15.
4
Let u = 488 + -445. What is the remainder when 211 is divided by u?
39
Let r(t) = 5*t + 8. Suppose -5 - 7 = -4*k. Calculate the remainder when r(k) is divided by 6.
5
Let m = 1269 + -1241. What is the remainder when 755 is divided by m?
27
Suppose -4*v + 4 = 3*p + 7, p + 1 = 5*v. Suppose v = 5*y - 3*s - 40, 4*y = 5*y - 4*s - 25. What is the remainder when 17 is divided by y?
2
Calculate the remainder when 1547/(-52)*(1 + (4 - 17)) is divided by 40.
37
Suppose 0*v + 5*v + 27 = 3*f, 4*f - 3*v - 36 = 0. Suppose 4*r + 270 = f*r. Calculate the remainder when r is divided by 7.
5
Let o = -53 + 50. Let p(u) = 2*u**2 + u. Suppose 3*d - 4 = 14. What is the remainder when p(o) is divided by d?
3
Let t be -1*(1 - 1)/1. Suppose 19 = 4*k + h, -4*h - 14 = -2*k - t*h. Let b(j) = -15*j + 504. What is the remainder when b(32) is divided by k?
4
Let d(r) = r**2 - 11*r - 13. Suppose y - h - 8 = 0, 0*y - 3*h = -y. Let l be d(y). Calculate the remainder when 66 is divided by (2 - l)/((-6)/(-46)).
20
Suppose 131*v = 137*v - 90. Calculate the remainder when 131 is divided by v.
11
What is the remainder when 1*96/2*(-45)/(-6) is divided by 92?
84
Suppose 0 = -q - 0 + 5. Let u be (-18)/q - (-8)/(-20). Calculate the remainder when -2 - (1 + 84/u) is divided by 10.
8
Let j = 37 + -17. Let s(u) = 13 + 14 + u**2 + 16 - 9*u - 11*u. What is the remainder when j is divided by s(18)?
6
Let k be 1*0/(-2)*1. Suppose k*g = g - 15. Let c(r) = 2*r**2 + r - 7. Calculate the remainder when c(4) is divided by g.
14
Let g = -230 + 280. Calculate the remainder when g is divided by 26.
24
Suppose 3*n + 3*k = 5*n - 238, 5*n - 3*k = 577. What is the remainder when n is divided by 36?
5
Calculate the remainder when -6*(-1)/4*4 is divided by -2*(-10 + 4 + 5).
0
Let y(c) = 2*c. Suppose -247*d + 359 = -2486 - 1354. What is the remainder when d is divided by y(7)?
3
Suppose 552 = 2*y + 470. What is the remainder when 897 is divided by y?
36
Let i be (-10)/2 - (35 + -21). Let n = 12 - i. Suppose 0*m - 123 = -m. What is the remainder when m is divided by n?
30
Let y(l) = -56*l - 26. Let k be y(-3). Suppose 0 = 4*c + 2*s - 518, -3*s = -9*c + 10*c - k. Calculate the remainder when c is divided by 13.
10
Suppose m - 1 - 47 = 0. Suppose -t - 3 = -0*t, p - 9 = 2*t. Suppose 5*x - 6*a = -p*a + 85, 0 = -4*a. Calculate the remainder when m is divided by x.
14
Let l be (0/(-5) - -4) + 0/(-3). Suppose 0 = l*t - 3*r - 58, 3*r - 4*r - 62 = -4*t. Calculate the remainder when 59 is divided by t.
11
Let m(z) = -7*z + 201. What is the remainder when 73 is divided by m(26)?
16
Suppose -3*z + 232 = 4*j, -2*j = 8*z - 5*z - 242. Suppose 0 = l + 3*l - 88. Calculate the remainder when z is divided by l.
18
Let a = 477 + -441. Calculate the remainder when a is divided by 13.
10
Calculate the remainder when 147 is divided by 2/8*(11 + -11) + 25.
22
Suppose 2*m - 16*m = -196. Calculate the remainder when 81 is divided by m.
11
Let p = -113 - -167. Calculate the remainder when 267 is divided by p.
51
Suppose 4*v + 3*q - 41 = 4*q, 3*q = -15. Suppose 0 = 28*b - 641 - 339. What is the remainder when b i